41 prime?
False
Is 6607151 a prime number?
True
Is 35670389 a composite number?
False
Is 108110129 a composite number?
True
Is 2149493 a prime number?
True
Is 1471097 prime?
False
Is 956341 prime?
True
Is 642371543 a prime number?
False
Is 13138673 a composite number?
False
Is 13743523 prime?
True
Is 181226393 a composite number?
True
Is 41684467 prime?
False
Is 1724431 a prime number?
False
Is 381182 composite?
True
Is 29474297 a composite number?
True
Is 41319881 a prime number?
False
Is 187233511 prime?
False
Is 34009519 a prime number?
False
Is 3331477 a prime number?
False
Is 819754267 prime?
True
Is 55299527 a composite number?
True
Is 179801 a composite number?
False
Is 260257133 prime?
True
Is 597127 prime?
True
Is 225684479 a composite number?
False
Is 2485801 prime?
True
Is 2018459 a composite number?
True
Is 255775123 composite?
False
Is 24046219 prime?
True
Is 15171441 prime?
False
Is 22544167 prime?
True
Is 29106193 a prime number?
False
Is 50847851 a prime number?
True
Is 390175769 a composite number?
True
Is 20608349 composite?
False
Is 298432237 a composite number?
True
Is 19899329 prime?
True
Is 51817 a composite number?
False
Is 55481339 a prime number?
True
Is 106841131 a prime number?
False
Is 3068319 a prime number?
False
Is 1477291 a prime number?
True
Is 3860189 prime?
True
Is 145837343 composite?
False
Is 20324783 prime?
False
Is 257286509 a prime number?
True
Is 23627761 a composite number?
True
Is 15172867 prime?
True
Is 17144753 a composite number?
False
Is 4888043 a prime number?
True
Is 3884333 composite?
False
Is 158633 a prime number?
True
Is 44048183 composite?
True
Is 7887151 a prime number?
True
Is 1734343873 a composite number?
False
Is 832888795 composite?
True
Is 12115757 a prime number?
False
Is 23925401 prime?
True
Is 29832217 prime?
False
Is 89177897 a prime number?
True
Is 334619 a prime number?
True
Is 30035 composite?
True
Is 14083843 a prime number?
False
Is 45490721 composite?
False
Is 31967461 prime?
True
Is 690233 a composite number?
False
Is 99976649 composite?
False
Is 222857885 prime?
False
Is 797704477 a prime number?
False
Is 117832109 composite?
False
Is 351591829 prime?
True
Is 223953157 a prime number?
True
Is 12613469 composite?
True
Is 4218887 a prime number?
False
Is 10805467 prime?
True
Is 1021621 a composite number?
False
Is 7659053 prime?
True
Is 191396789 a composite number?
True
Is 1979473 prime?
True
Is 7707181 composite?
True
Is 142066163 a prime number?
False
Is 61634239 prime?
True
Is 7377443 a prime number?
True
Is 794327 a prime number?
True
Is 142986959 composite?
False
Is 12390211 a composite number?
False
Is 279054989 a composite number?
True
Is 42905069 a prime number?
True
Is 4382069 composite?
False
Is 91934309 composite?
True
Is 5060291 a composite number?
True
Is 3406327 composite?
True
Is 205844201 prime?
True
Is 341519 a composite number?
True
Is 3819013 a composite number?
True
Is 9434233 a composite number?
True
Is 86938277 prime?
True
Is 3977059 a composite number?
False
Is 2621201 composite?
True
Is 1144721 prime?
True
Is 9438647 composite?
True
Is 160486949 prime?
False
Is 2298203 composite?
False
Is 90321617 composite?
False
Is 392432605 a composite number?
True
Is 1240991 a composite number?
False
Is 1608518 composite?
True
Is 659221 composite?
False
Is 65770399 prime?
False
Is 25545293 a composite number?
True
Is 1534279 a prime number?
False
Is 14201311 composite?
True
Is 347383 prime?
False
Is 321449627 a composite number?
False
Is 4445737 a composite number?
False
Is 4450357 a composite number?
True
Is 17579669 composite?
False
Is 853597 a composite number?
False
Is 3832877 composite?
False
Is 8951387 composite?
False
Is 8086669 composite?
False
Is 17544641 a prime number?
True
Is 6152369 a prime number?
True
Is 6503407 prime?
True
Is 7351579 composite?
False
Is 157511719 composite?
False
Is 63280801 prime?
False
Is 14892301 a prime number?
False
Is 29936687 a prime number?
False
Is 2776751 composite?
False
Is 735066379 a composite number?
False
Is 42824197 a composite number?
True
Is 51989099 composite?
False
Is 10866095 a composite number?
True
Is 35521547 composite?
False
Is 8224643 composite?
True
Is 14211469 a composite number?
False
Is 92153329 prime?
False
Is 15830851 composite?
False
Is 86450119 a prime number?
False
Is 2282011 composite?
True
Is 451781765 prime?
False
Is 2206587 composite?
True
Is 16983139 a composite number?
False
Is 167105467 composite?
True
Is 172949963 a composite number?
False
Is 10350139 prime?
True
Is 16468149 prime?
False
Is 53373457 prime?
True
Is 398399 a composite number?
True
Is 2142641 prime?
True
Is 5296623 composite?
True
Is 5260741 a composite number?
True
Is 751549 a prime number?
True
Is 15676603 a prime number?
False
Is 950451 a prime number?
False
Is 343007971 prime?
True
Is 1943587 composite?
False
Is 5687599 prime?
True
Is 17659567 a composite number?
False
Is 347285 a prime number?
False
Is 4866139 a composite number?
False
Is 325849 composite?
False
Is 204190447 a prime number?
False
Is 7889459 a composite number?
False
Is 2555713 a composite number?
True
Is 363894769 prime?
False
Is 279604201 a prime number?
True
Is 8891539 composite?
False
Is 7630453 a prime number?
True
Is 1111621 prime?
False
Is 1522699 prime?
False
Is 46288051 composite?
False
Is 2212291 a composite number?
True
Is 887321 a prime number?
False
Is 1737257 a prime number?
True
Is 24763423 prime?
False
Is 15311761 a prime number?
True
Is 13902257 a composite number?
False
Is 400869089 prime?
True
Is 19900586 composite?
True
Is 50341033 a composite number?
False
Is 1193821 a composite number?
False
Is 31221451 a composite number?
True
Is 682901 a prime number?
True
Is 1525264778 composite?
True
Is 76071397 a composite number?
True
Is 37030193 a composite number?
False
Is 7718593 prime?
False
Is 7690219 a composite number?
True
Is 113921 composite?
False
Is 140314387 composite?
False
Is 18538757 a composite number?
False
Is 28389601 a composite number?
False
Is 673427 prime?
True
Is 6498629 composite?
False
Is 161929627 prime?
False
Is 5487113 a prime number?
False
Is 105788507 composite?
True
Is 1450349 a composite number?
True
Is 41569877 prime?
True
Is 1716599 a prime number?
True
Is 46977509 a prime number?
True
Is 145470067 a prime number?
True
Is 11398817 a composite number?
True
Is 1075054 a composite number?
True
Is 3415127 a prime number?
False
Is 2614121 composite?
False
Is 510157 a prime number?
True
Is 443537 a composite number?
True
Is 2707457 prime?
True
Is 16032641 composite?
False
Is 441535091 a prime number?
False
Is 5077307 prime?
False
Is 18302315 a prime number?
False
Is 11451449 composite?
False
Is 13449677 a composite number?
False
Is 118098749 a composite number?
False
Is 36193753 composite?
True
Is 3854713 a composite number?
True
Is 389269 a prime number?
True
Is 1789027 a composite number?
False
Is 13893109 prime?
True
Is 11386157 composite?
True
Is 29170199 composite?
False
Is 5262437 prime?
True
Is 477647 a composite number?
True
Is 55426507 prime?
True
Is 40471027 prime?
False
Is 77336999 a prime number?
True
Is 9239135 prime?
False
Is 172455097 a prime number?
True
Is 32812967 prime?
False
Is 60792241 composite?
False
Is 90461361 a composite number?
True
Is 2516197 a prime number?
True
Is 15463901 composite?
True
Is 7733771 composite?
False
Is 462107221 a composite number?
True
Is 7985561 a prime number?
True
Is 1301585 prime?
False
Is 24317521 a composite number?
False
Is 9109109 a prime number?
True
Is 81701861 a prime number?
True
Is 162179 a prime number?
False
Is 147264731 prime?
True
Is 14302751 composite?
False
Is 846252497 prime?
False
Is 28121339 a prime number?
False
Is 810686351 a prime number?
True
Is 29031463 a composite number?
False
Is 5544823 composite?
True
Is 689219 a composite number?
False
Is 180839431 composite?
True
Is 59753497 prime?
False
Is 14480459 a prime number?
False
Is 10631591 composite?
False
Is 2087123 a composite number?
False
Is 25498721 a composite number?
False
Is 5610355 a prime number?
False
Is 2971181 a prime number?
False
Is 303778149 a prime number?
False
Is 53032081 composite?
True
Is 31583687 prime?
True
Is 511757 composite?
False
Is 6542031 a composite number?
